07
List the prime factors of 2388.
2, 3, 199
List the prime factors of 58375.
5, 467
List the prime factors of 2727.
3, 101
List the prime factors of 129082.
2, 233, 277
What are the prime factors of 56637?
3, 7, 29, 31
What are the prime factors of 31740?
2, 3, 5, 23
What are the prime factors of 7258?
2, 19, 191
What are the prime factors of 70225?
5, 53
List the prime factors of 381.
3, 127
List the prime factors of 6952.
2, 11, 79
What are the prime factors of 16842?
2, 3, 7, 401
What are the prime factors of 7762?
2, 3881
What are the prime factors of 72699?
3, 11, 2203
List the prime factors of 1824.
2, 3, 19
What are the prime factors of 12884?
2, 3221
What are the prime factors of 46884?
2, 3, 3907
List the prime factors of 1514.
2, 757
What are the prime factors of 1186?
2, 593
List the prime factors of 161.
7, 23
What are the prime factors of 270?
2, 3, 5
List the prime factors of 471.
3, 157
What are the prime factors of 16868?
2, 4217
What are the prime factors of 10079?
10079
What are the prime factors of 15112?
2, 1889
What are the prime factors of 81437?
31, 37, 71
What are the prime factors of 1331?
11
List the prime factors of 2089.
2089
List the prime factors of 4988.
2, 29, 43
List the prime factors of 18800.
2, 5, 47
What are the prime factors of 5964?
2, 3, 7, 71
List the prime factors of 22259.
22259
What are the prime factors of 833?
7, 17
What are the prime factors of 61?
61
List the prime factors of 1004.
2, 251
What are the prime factors of 552?
2, 3, 23
List the prime factors of 2586.
2, 3, 431
What are the prime factors of 823?
823
List the prime factors of 1964.
2, 491
List the prime factors of 3393.
3, 13, 29
List the prime factors of 41926.
2, 20963
List the prime factors of 809.
809
List the prime factors of 29373.
3, 9791
List the prime factors of 5342.
2, 2671
List the prime factors of 770.
2, 5, 7, 11
What are the prime factors of 91219?
19, 4801
List the prime factors of 11296.
2, 353
List the prime factors of 580.
2, 5, 29
List the prime factors of 18571.
7, 379
What are the prime factors of 28270?
2, 5, 11, 257
What are the prime factors of 119744?
2, 1871
What are the prime factors of 63492?
2, 3, 11, 13, 37
List the prime factors of 5385.
3, 5, 359
What are the prime factors of 2589?
3, 863
What are the prime factors of 6560?
2, 5, 41
What are the prime factors of 1292?
2, 17, 19
List the prime factors of 42631.
89, 479
List the prime factors of 7248.
2, 3, 151
List the prime factors of 517.
11, 47
What are the prime factors of 1302?
2, 3, 7, 31
List the prime factors of 15760.
2, 5, 197
List the prime factors of 2109.
3, 19, 37
What are the prime factors of 62406?
2, 3, 3467
What are the prime factors of 18723?
3, 79
List the prime factors of 3473.
23, 151
List the prime factors of 280.
2, 5, 7
What are the prime factors of 10013?
17, 19, 31
What are the prime factors of 1038?
2, 3, 173
What are the prime factors of 2648?
2, 331
List the prime factors of 514.
2, 257
What are the prime factors of 2242?
2, 19, 59
List the prime factors of 12172.
2, 17, 179
List the prime factors of 43244.
2, 19, 569
What are the prime factors of 23632?
2, 7, 211
What are the prime factors of 9837?
3, 1093
What are the prime factors of 5014?
2, 23, 109
List the prime factors of 728.
2, 7, 13
List the prime factors of 2248.
2, 281
List the prime factors of 5735.
5, 31, 37
What are the prime factors of 1215?
3, 5
What are the prime factors of 44728?
2, 5591
List the prime factors of 3955.
5, 7, 113
List the prime factors of 397.
397
What are the prime factors of 396?
2, 3, 11
List the prime factors of 3550.
2, 5, 71
List the prime factors of 50.
2, 5
What are the prime factors of 117270?
2, 3, 5, 1303
List the prime factors of 107.
107
List the prime factors of 939.
3, 313
What are the prime factors of 420?
2, 3, 5, 7
List the prime factors of 78368.
2, 31, 79
List the prime factors of 38362.
2, 19181
What are the prime factors of 2385?
3, 5, 53
List the prime factors of 832.
2, 13
What are the prime factors of 3087?
3, 7
What are the prime factors of 2153?
2153
List the prime factors of 61657.
61657
List the prime factors of 71155.
5, 7, 19, 107
List the prime factors of 3213.
3, 7, 17
What are the prime factors of 1974?
2, 3, 7, 47
What are the prime factors of 28126?
2, 7, 41
What are the prime factors of 1660?
2, 5, 83
What are the prime factors of 16527?
3, 7, 787
What are the prime factors of 61125?
3, 5, 163
What are the prime factors of 6197?
6197
List the prime factors of 1281.
3, 7, 61
List the prime factors of 154028.
2, 7, 5501
List the prime factors of 1108.
2, 277
List the prime factors of 41156.
2, 10289
What are the prime factors of 12429?
3, 1381
List the prime factors of 37581.
3, 12527
What are the prime factors of 118225?
5, 4729
What are the prime factors of 1155?
3, 5, 7, 11
List the prime factors of 1428.
2, 3, 7, 17
List the prime factors of 30732.
2, 3, 13, 197
List the prime factors of 155.
5, 31
List the prime factors of 1716.
2, 3, 11, 13
What are the prime factors of 12575?
5, 503
What are the prime factors of 19119?
3, 6373
List the prime factors of 2464.
2, 7, 11
What are the prime factors of 13875?
3, 5, 37
What are the prime factors of 3710?
2, 5, 7, 53
List the prime factors of 117320.
2, 5, 7, 419
What are the prime factors of 14259?
3, 7, 97
List the prime factors of 2007.
3, 223
List the prime factors of 21400.
2, 5, 107
List the prime factors of 4896.
2, 3, 17
What are the prime factors of 153599?
269, 571
What are the prime factors of 11567?
43, 269
List the prime factors of 25669.
7, 19, 193
What are the prime factors of 93117?
3, 31039
What are the prime factors of 6829?
6829
What are the prime factors of 1424?
2, 89
List the prime factors of 5213.
13, 401
List the prime factors of 3055.
5, 13, 47
List the prime factors of 166716.
2, 3, 11, 421
What are the prime factors of 45326?
2, 131, 173
What are the prime factors of 80190?
2, 3, 5, 11
List the prime factors of 28.
2, 7
What are the prime factors of 56912?
2, 3557
What are the prime factors of 183?
3, 61
What are the prime factors of 821?
821
List the prime factors of 31048.
2, 3881
What are the prime factors of 1348?
2, 337
List the prime factors of 6295.
5, 1259
What are the prime factors of 17048?
2, 2131
What are the prime factors of 2194?
2, 1097
What are the prime factors of 418?
2, 11, 19
What are the prime factors of 30651?
3, 17, 601
What are the prime factors of 62085?
3, 5, 4139
List the prime factors of 411.
3, 137
List the prime factors of 835.
5, 167
What are the prime factors of 1064?
2, 7, 19
What are the prime factors of 1533?
3, 7, 73
List the prime factors of 344.
2, 43
What are the prime factors of 5822?
2, 41, 71
What are the prime factors of 2309?
2309
What are the prime factors of 76125?
3, 5, 7, 29
What are the prime factors of 125?
5
What are the prime factors of 1705?
5, 11, 31
What are the prime factors of 6666?
2, 3, 11, 101
List the prime factors of 95300.
2, 5, 953
List the prime factors of 717.
3, 239
What are the prime factors of 41196?
2, 3, 3433
List the prime factors of 4633.
41, 113
What are the prime factors of 3905?
5, 11, 71
List the prime factors of 9932.
2, 13, 191
What are the prime factors of 115453?
13, 83, 107
List the prime factors of 21211.
21211
What are the prime factors of 11318?
2, 5659
What are the prime factors of 111988?
2, 27997
List the prime factors of 22449.
3, 7, 1069
List the prime factors of 78054.
2, 3, 13009
What are the prime factors of 2206?
2, 1103
What are the prime factors of 56523?
3, 83, 227
List the prime factors of 134663.
311, 433
What are the prime factors of 1396?
2, 349
List the prime factors of 171.
3, 19
What are the prime factors of 20877?
3, 6959
List the prime factors of 6237.
3, 7, 11
List the prime factors of 57524.
2, 73, 197
List the prime factors of 2174.
2, 1087
What are the prime factors of 15129?
3, 41
What are the prime factors of 8843?
37, 239
List the prime factors of 2767.
2767
List the prime factors of 4355.
5, 13, 67
List the prime factors of 492.
2, 3, 41
List the prime factors of 605.
5, 11
What are the prime factors of 54836?
2, 13709
What are the prime factors of 1777?
1777
What are the prime factors of 14479?
14479
List the pr